 -10. Suppose -4*m - c*a = -6*a - 127, -2*a = 10. What is the remainder when 108 is divided by m?
24
Suppose 292*i - 294*i + 3200 = 0. Calculate the remainder when i is divided by 18.
16
Let a = -1194 + 1222. Calculate the remainder when 212 is divided by a.
16
Calculate the remainder when 348 is divided by -1*18/(-4)*2.
6
Suppose d - 4*d + 3*f + 141 = 0, 2*d = -5*f + 94. Suppose 0 = -4*b + 45 + d. Suppose 2*p = 5 + 81. What is the remainder when p is divided by b?
20
Let o be 1 + -1*(0 - 6). Suppose n = -2*s + 46, 2 = s + 4*n - o. Calculate the remainder when (-3)/((-21 - -35)/(-462)) is divided by s.
24
Let n(s) be the second derivative of s**4/12 + s**3 - 3*s**2/2 - 31*s. Calculate the remainder when 24 is divided by n(-8).
11
Suppose -15 = 11*v - 510. Calculate the remainder when 265 is divided by v.
40
Suppose -5*v + 10 = 3*g, 0 = -3*v - 2*g + 4 + 2. Suppose 5*b - 13 = 4*j, -b + v*j = 3*b - 14. What is the remainder when 18 is divided by b?
3
Suppose 0 = -47*b + 2216 + 228. What is the remainder when b is divided by 15?
7
Let f(m) = -m**3 - 18*m**2 + 8*m + 4. What is the remainder when f(-19) is divided by 37?
28
Suppose 2*x + 63 = 105. Calculate the remainder when 291 is divided by x.
18
Let j(s) = -s**3 - s**2 + 13. Let v be j(0). Calculate the remainder when 21 is divided by 2/3*(2 + -5) + v.
10
Let x be (-3)/1*(-2 + (-476)/12). Let y = x - 118. What is the remainder when 11 is divided by y?
4
Suppose 5*u + 539 - 25 = 4*b, 4*b - 3*u = 518. Calculate the remainder when b is divided by 68.
63
Suppose -3*z + 48 = -15. Let f = -12 + z. What is the remainder when f is divided by 6?
3
Let c(y) be the second derivative of y**3/6 + 5*y**2 - 8*y. Suppose 0 = -3*u + u + 164. Calculate the remainder when u is divided by c(7).
14
Let u(c) = 6*c**2 - 2*c + 6. Let h be u(4). Let x(a) = -a**3 - a**2 - 4*a. Let t be x(3). Let f = t + h. What is the remainder when f is divided by 12?
10
Let a = 81 + -46. Let g = a - 21. Suppose -5*z - 2*c = -0*z - 70, 2*z - g = 2*c. Calculate the remainder when z is divided by 7.
5
Suppose -5*m - 3*g + 45 = 0, 0*g - g + 11 = m. What is the remainder when 44 is divided by m?
2
Let g(l) = -4*l + 11. Let p(v) = 3*v - 11. Let i(a) = -2*g(a) - 3*p(a). What is the remainder when 78 is divided by i(-16)?
24
Suppose -3*x + 63 = t, 4*x + t + 22 - 105 = 0. Calculate the remainder when x is divided by (-4)/(-10) - (-56)/10.
2
Let f(k) = 17*k - 7. Suppose 8*i - 30 = 3*i. Let n be f(i). Suppose -55 = -v + l, l + 38 = -v + n. Calculate the remainder when v is divided by 19.
18
Let n = 4 - -15. Suppose -3*v - v = -164. Let d = 46 - v. What is the remainder when n is divided by d?
4
Let r = 531 - 255. Suppose 0*y + r = 3*y. What is the remainder when y is divided by 24?
20
Suppose -7*q + 90 = -2*q. Suppose 3*j - 38*t - 230 = -43*t, -2*j + 124 = -4*t. What is the remainder when j is divided by q?
16
Suppose -5*y + 690 = -0*p + 3*p, 4*p - y - 920 = 0. Calculate the remainder when p is divided by 21.
20
Let x be (-220 + 0)*(-42)/56. Let n = -145 + x. What is the remainder when -1*(-3)/(3/35) is divided by n?
15
Let t(d) = -d + 103. Let z be t(21). Let u = z + -66. What is the remainder when u is divided by -9*(0 - -1)*-1?
7
Suppose 12*l = 10*l + 330. Suppose 0 = 5*d - h - l, -5*h + 28 = 2*d - 11. Suppose -6 - 16 = -2*a. What is the remainder when d is divided by a?
10
Let u(c) = c**2 - c - 16. Let a be u(-9). Suppose -2*p + a - 16 = 0. What is the remainder when p is divided by 16?
13
Let v(k) = k**3 - 2*k**2 + 1. Let s be v(2). Let h(i) = 7 - 1 + 5*i + 0 + s. Calculate the remainder when h(8) is divided by 25.
22
Suppose 3*v = 33*v - 2910. Calculate the remainder when v is divided by 38.
21
Suppose 2*m - 360 = -d - 18, 5*d = 4*m - 670. Calculate the remainder when m is divided by 29.
25
Let r = -12 - -38. Let g(l) = l**2 + 5*l + 27. Calculate the remainder when g(-10) is divided by r.
25
Let g = 2 - 5. Suppose -4*r - 4*y + 60 = 0, -3*r + 3*y = -0*r - 39. Let z = g + r. Calculate the remainder when 32 is divided by z.
10
Suppose 3*y = -4*s + 37, -2*y + 32 = 2*s - 3*s. Calculate the remainder when 61 is divided by y.
1
Let q(v) = -45*v + 53. Let a = -19 + 33. Suppose 44 = m + a. What is the remainder when m is divided by q(1)?
6
Let k(g) = 5*g**2 - 4*g - 2. Let h(u) = -u**3 + 7*u**2 + 25*u - 27. Calculate the remainder when k(-5) is divided by h(9).
35
Suppose 5*c = 69 + 91. What is the remainder when 57 is divided by c?
25
Suppose -119*m = -113*m - 12. Let o be (1 - 0)*3*1. Suppose -r + i + 15 = 0, -o*i = r + m*i + 9. Calculate the remainder when 21 is divided by r.
10
Let u(m) = m**2 + 9*m. Let w be u(-9). Suppose w = -n + 5*b + 54, 2*n - b - 68 = b. What is the remainder when n is divided by 16?
13
Let a = 185 - 121. Let i be 1/4 - 10/8. Calculate the remainder when a is divided by (2 - -11) + 0/i.
12
Let p(y) = -2*y**3 + 16*y**2 + 5*y + 8. Let m be p(9). Let l = 121 + m. Calculate the remainder when 31 is divided by l.
7
Suppose 0 = -4*t + 5*v + 393, -2*v - 4 = 2*v. What is the remainder when t is divided by (22 - 0)*3/6?
9
Suppose x + 2*x - 1 = 2*a, -2*x = a - 10. Suppose -8*u + x*u - 40 = 0. Calculate the remainder when (10/(-6))/(u/48) is divided by 6.
4
Let n be (-34)/(-6) + (-8)/12. Suppose -5*l + 80 = n*v, 3*l - 46 = -4*v - v. Calculate the remainder when 33 is divided by l.
16
Let w = 44 + -38. Suppose -w*j = -j - 130. Calculate the remainder when j is divided by 7.
5
Suppose 6 = -2*q + 3*d, -4*q + 2*q + 5*d = -2. Let f be q/(-2)*(-8)/12. Calculate the remainder when (-2 + -13)*f/5 is divided by 6.
3
Let p = -1125 - -1176. Calculate the remainder when p is divided by 3.
0
Suppose 0 = w + 5*m + 16, -3 = -3*w + w - 3*m. Calculate the remainder when w is divided by 4/(-2) + 10 + 0.
1
Calculate the remainder when (-924)/(-16) - ((-126)/24 + 6) is divided by 13.
5
Let o(g) = -g**2 + g + 7. Suppose -581 = -10*m - 171. Calculate the remainder when m is divided by o(0).
6
Let q(h) be the third derivative of 5*h**4/24 + 5*h**3/6 + 28*h**2. Calculate the remainder when ((-7)/(-4))/((-1)/(-28)) is divided by q(4).
24
Let q be 2/((-6)/7) + 1/3. What is the remainder when 31 is divided by 2*4/16*q*-16?
15
Suppose -3*p = 2*t + 2*p - 70, 0 = 5*t - p - 121. Let v = -16 + t. What is the remainder when 26 is divided by v?
8
Suppose 0*u - 41 = -4*u + h, -2*u - 3*h = -3. Let o(n) = n**2 - 47*n + 262. Calculate the remainder when o(6) is divided by u.
7
Suppose -3*d + 0 - 15 = 0. What is the remainder when 17 is divided by (-6)/(-15) - 13/d?
2
Suppose 0 = 4*p + x - 0*x - 271, 0 = -5*x - 5. Suppose -5*t - 5*c = 10, c - 22 = 4*t - 2*c. What is the remainder when p is divided by (-230)/t*8/20?
22
Let g = -424 + 646. What is the remainder when g is divided by 15?
12
Suppose 6*a - 513 = -195. Calculate the remainder when a is divided by 19.
15
Suppose -3*m + 5*q = -m - 192, -2*q = 0. Suppose -2*b - 20 = -2*v - 88, 3*b - m = 5*v. What is the remainder when 73 is divided by b?
36
Let g = 12 + 1. Let f = g - 6. Calculate the remainder when 26 is divided by f.
5
Let j = -4 + 6. Suppose 3*w + 4 = -g + w, -4*g + 3*w + 6 = 0. Suppose g = 3*k - j*k - 8. Calculate the remainder when 29 is divided by k.
5
Let y be 2/(-6) + 360/27. Let a = 16 - y. Suppose -j - 14 = -a*j. Calculate the remainder when 13 is divided by j.
6
Suppose -5*s + 0 = -j - 6, 5*j + 2*s = 24. What is the remainder when (15/(-15)*114/(-12))/((-1)/(-6)) is divided by j?
1
Let w(f) = f**2 + f + 6. What is the remainder when w(9) is divided by 33?
30
Let w = 35 + 140. Calculate the remainder when w is divided by 98.
77
Let c = 788 + -750. What is the remainder when 65 is divided by c?
27
Suppose 2*a = -2*f + 3*f + 33, -5*a = -5*f - 95. What is the remainder when 181 is divided by a?
13
Let l(z) = -5*z + 13. Suppose -3*n = -r + 5*r - 64, 0 = r - 2*n - 27. What is the remainder when l(-12) is divided by r?
16
Suppose 9*a + 24 = 13*a. Suppose -r - a + 0 = 0. What is the remainder when r*(-1)/((-3)/(-10)) is divided by 8?
4
Let m = 14 + 5. Suppose -m = -2*b + 1. Suppose 2 + 14 = p. What is the remainder when p is divided by b?
6
Suppose 3*n - 2*n = 8. Suppose 0 = -4*p - 12, -5*z = 3*p - 11. Calculate the remainder when n is divided by z.
0
Let n(b) = 6*b**2 - 5*b + 3. Let v be n(3). Suppose -3*m 